{"id":52,"date":"2021-06-12T10:19:42","date_gmt":"2021-06-12T10:19:42","guid":{"rendered":"https:\/\/thedollchronicles.com\/dsite\/?page_id=52"},"modified":"2021-12-10T19:36:02","modified_gmt":"2021-12-10T19:36:02","slug":"the-films","status":"publish","type":"page","link":"https:\/\/thedollchronicles.com\/dsite\/the-films\/","title":{"rendered":"The Films"},"content":{"rendered":"\r\n<h4 style=\"text-align: center;\"><a style=\"color: #609fed;\" href=\"https:\/\/thedollchronicles.com\/dsite\/the-films\/apocalypse-the-doll-chronicles\/\">Apocalypse<\/a> \u2022 <a style=\"color: #e3d212;\" href=\"https:\/\/thedollchronicles.com\/dsite\/the-films\/consequence-the-doll-chronicles\/\">Consequence<\/a> \u2022 <a style=\"color: #779a84;\" href=\"https:\/\/thedollchronicles.com\/dsite\/the-films\/paranoia-the-doll-chronicles\/\">Paranoia<\/a><\/h4>\r\n<hr \/>\r\n<p>&nbsp;<\/p>\r\n<p>There are technically four films in the series so far, though officially only three films are part of <strong><em>The Doll Chronicles<\/em><\/strong>, as the original concept development film &#8220;<strong><em>Reaction<\/em><\/strong>&#8221; was more of a concept and went under the &#8220;barbie chronicle&#8221; moniker. The current films are:<\/p>\r\n<p>&nbsp;<\/p>\r\n\r\n\r\n\r\n<h4><a href=\"https:\/\/thedollchronicles.com\/dsite\/the-films\/apocalypse-the-doll-chronicles\/\">Apocalypse, The Doll Chronicles<\/a><\/h4>\r\n<p>&nbsp;<\/p>\r\n\r\n\r\n\r\n<div id=\"attachment_15\" style=\"width: 235px\" class=\"wp-caption alignright\"><a href=\"https:\/\/thedollchronicles.com\/dsite\/the-films\/apocalypse-the-doll-chronicles\/\"><img fetchpriority=\"high\" decoding=\"async\" aria-describedby=\"caption-attachment-15\" class=\"wp-image-15 size-medium\" src=\"https:\/\/thedollchronicles.com\/dsite\/wp-content\/uploads\/2021\/06\/Apocalypse_Official_Poster_1-225x300.jpg\" alt=\"Apocalypse, The Doll Chronicles Official Poster\" width=\"225\" height=\"300\" srcset=\"https:\/\/thedollchronicles.com\/dsite\/wp-content\/uploads\/2021\/06\/Apocalypse_Official_Poster_1-225x300.jpg 225w, https:\/\/thedollchronicles.com\/dsite\/wp-content\/uploads\/2021\/06\/Apocalypse_Official_Poster_1.jpg 750w\" sizes=\"(max-width: 225px) 100vw, 225px\" \/><\/a><p id=\"caption-attachment-15\" class=\"wp-caption-text\">Apocalypse, The Doll Chronicles<\/p><\/div>\r\n<p>Completed and released in 2021, <a href=\"https:\/\/thedollchronicles.com\/dsite\/the-films\/apocalypse-the-doll-chronicles\/\"><strong><em>Apocalypse, The Doll Chronicles<\/em><\/strong><\/a> is the film that never was. The footage was originally shot in 2015-2016 and it was meant as an overly ambitious entry into The Doll Chronicles series, but sadly most of the footage was lost to dead hard drives. From footage found in and restored from old drives found years later, Franco Esteve&#8217;s great Doll Chronicles frustration, Apocalypse was rebuilt, refocused, and finished as a thought, a conceptual, music driven, experimental film more in line with The Doll Chronicles concept, and yet, maintaining some of the original dialog and ideas.<\/p>\r\n\r\n\r\n\r\n<p>The film follows Doll, a woman on the edge of reality, as she explores what looks like a desolate, post-apocalyptic landscape. Something or someone appears to be chasing her, and as we follow her travels, the darkness becomes clearer and we learn what it&#8217;s all about. The final film can be interpreted a number of ways, but the social awareness focus is still on trauma, particularly childhood trauma and abuse.<\/p>\r\n\r\n\r\n\r\n<p>The film features new actors Charlotte March, Danny Brooks, and Llucia Piz\u00e0, and sees the return of Consequence actors, Marisa Reyes Dur\u00e1n and Bernat Piz\u00e0 Galmes, with another cameo by executive producer, Emma Saura Woods in a party scene with other extras. The experimental short has received awards and accolades both for the film and its music.<\/p>\r\n\r\n\r\n\r\n<p>Watch the award-winning film on YouTube <a href=\"https:\/\/youtu.be\/ButGdAzOowY\">here<\/a>, or watch the trailer and find out more about the film,\u00a0<a href=\"https:\/\/thedollchronicles.com\/dsite\/the-films\/apocalypse-the-doll-chronicles\/\">here<\/a>.<\/p>\r\n<p>&nbsp;<\/p>\r\n\r\n\r\n\r\n<h4><a href=\"https:\/\/thedollchronicles.com\/dsite\/the-films\/consequence-the-doll-chronicles\/\">Consequence, The Doll Chronicles<\/a><\/h4>\r\n<p>&nbsp;<\/p>\r\n\r\n\r\n\r\n<div id=\"attachment_63\" style=\"width: 213px\" class=\"wp-caption alignright\"><a href=\"https:\/\/thedollchronicles.com\/dsite\/the-films\/consequence-the-doll-chronicles\/\"><img decoding=\"async\" aria-describedby=\"caption-attachment-63\" class=\"wp-image-63 size-medium\" src=\"https:\/\/thedollchronicles.com\/dsite\/wp-content\/uploads\/2021\/06\/Consequence-Poster-Full-Size-Laurels-203x300.jpg\" alt=\"Consequence, The Doll Chronicles Poster\" width=\"203\" height=\"300\" srcset=\"https:\/\/thedollchronicles.com\/dsite\/wp-content\/uploads\/2021\/06\/Consequence-Poster-Full-Size-Laurels-203x300.jpg 203w, https:\/\/thedollchronicles.com\/dsite\/wp-content\/uploads\/2021\/06\/Consequence-Poster-Full-Size-Laurels-691x1024.jpg 691w, https:\/\/thedollchronicles.com\/dsite\/wp-content\/uploads\/2021\/06\/Consequence-Poster-Full-Size-Laurels-768x1138.jpg 768w, https:\/\/thedollchronicles.com\/dsite\/wp-content\/uploads\/2021\/06\/Consequence-Poster-Full-Size-Laurels-1037x1536.jpg 1037w, https:\/\/thedollchronicles.com\/dsite\/wp-content\/uploads\/2021\/06\/Consequence-Poster-Full-Size-Laurels-1382x2048.jpg 1382w, https:\/\/thedollchronicles.com\/dsite\/wp-content\/uploads\/2021\/06\/Consequence-Poster-Full-Size-Laurels-1800x2667.jpg 1800w, https:\/\/thedollchronicles.com\/dsite\/wp-content\/uploads\/2021\/06\/Consequence-Poster-Full-Size-Laurels-scaled.jpg 1728w\" sizes=\"(max-width: 203px) 100vw, 203px\" \/><\/a><p id=\"caption-attachment-63\" class=\"wp-caption-text\">Consequence, The Doll Chronicles<\/p><\/div>\r\n<p>Consequence, The Doll Chronicles is an award-winning, silent, experimental, music driven short film about Doll, a woman on the edge of reality, who falls in love with a guy who leads her down a dark path and consequences ensue. It&#8217;s a story about the consequences of falling in love with the wrong man, making some wrong choices, and the dark consequences that can ensue.<\/p>\r\n\r\n\r\n\r\n<p>Originally inspired by a Larry Clark photo from his Tulsa collection, it was released in 2014 and featured Marisa Reyes Dur\u00e1n as the lead actress and Bernat Piz\u00e0 Galm\u00e9s as the dangerous love interest. Executive producer Emma Saura woods also appears as a victim. The film explores real life situations and themes of drugs, sex trafficking, and more, as well as showing some of the consequences that giving in can lead to.<\/p>\r\n\r\n\r\n\r\n<p>The film received a number of accolades, and was particularly singled out for its original soundtrack by <a href=\"https:\/\/www.francoesteve.com\/music\/consequence-the-doll-chronicles-soundtrack\/\">Franco Esteve<\/a>, and how it perfectly drives the story, communicating the character&#8217;s feelings, motivations, actions, and horrors.<\/p>\r\n\r\n\r\n\r\n<p>Watch the trailer, film, and find out more <a href=\"https:\/\/thedollchronicles.com\/dsite\/the-films\/consequence-the-doll-chronicles\/\">here<\/a>.<\/p>\r\n<p>&nbsp;<\/p>\r\n\r\n\r\n\r\n<h4><a href=\"https:\/\/thedollchronicles.com\/dsite\/the-films\/paranoia-the-doll-chronicles\/\">Paranoia, The Doll Chronicles<\/a><\/h4>\r\n<p>&nbsp;<\/p>\r\n\r\n\r\n\r\n<div id=\"attachment_64\" style=\"width: 213px\" class=\"wp-caption alignright\"><a href=\"https:\/\/thedollchronicles.com\/dsite\/the-films\/paranoia-the-doll-chronicles\/\"><img decoding=\"async\" aria-describedby=\"caption-attachment-64\" class=\"wp-image-64 size-medium\" src=\"https:\/\/thedollchronicles.com\/dsite\/wp-content\/uploads\/2021\/06\/Paranoia_Poster_FullSize_72dpi-203x300.jpg\" alt=\"Paranoia, The Doll Chronicles Poster\" width=\"203\" height=\"300\" srcset=\"https:\/\/thedollchronicles.com\/dsite\/wp-content\/uploads\/2021\/06\/Paranoia_Poster_FullSize_72dpi-203x300.jpg 203w, https:\/\/thedollchronicles.com\/dsite\/wp-content\/uploads\/2021\/06\/Paranoia_Poster_FullSize_72dpi-691x1024.jpg 691w, https:\/\/thedollchronicles.com\/dsite\/wp-content\/uploads\/2021\/06\/Paranoia_Poster_FullSize_72dpi-768x1138.jpg 768w, https:\/\/thedollchronicles.com\/dsite\/wp-content\/uploads\/2021\/06\/Paranoia_Poster_FullSize_72dpi-1037x1536.jpg 1037w, https:\/\/thedollchronicles.com\/dsite\/wp-content\/uploads\/2021\/06\/Paranoia_Poster_FullSize_72dpi-1382x2048.jpg 1382w, https:\/\/thedollchronicles.com\/dsite\/wp-content\/uploads\/2021\/06\/Paranoia_Poster_FullSize_72dpi-1800x2667.jpg 1800w, https:\/\/thedollchronicles.com\/dsite\/wp-content\/uploads\/2021\/06\/Paranoia_Poster_FullSize_72dpi-scaled.jpg 1728w\" sizes=\"(max-width: 203px) 100vw, 203px\" \/><\/a><p id=\"caption-attachment-64\" class=\"wp-caption-text\">Paranoia, The Doll Chronicles<\/p><\/div>\r\n<p>The experiment. That&#8217;s what <a href=\"https:\/\/francoesteve.com\">Franco Esteve<\/a> calls <strong><em><a href=\"https:\/\/thedollchronicles.com\/dsite\/the-films\/paranoia-the-doll-chronicles\/\">Paranoia, The Doll Chronicles<\/a><\/em><\/strong>. If Reaction was what inspired and helped birth a concept, an idea, then Paranoia is the experiment that brought it to life. Released in 2013, <a href=\"https:\/\/thedollchronicles.com\/dsite\/the-films\/paranoia-the-doll-chronicles\/\"><strong><em>Paranoia, The Doll Chronicles<\/em><\/strong><\/a> is about Doll, a woman on the edge of reality, who suffers paranoia in her old house. The film elicits fear, anxiety, and pushes the viewer to experience what Doll is experiencing as she deals with her own fear and paranoia after reading a horror book.<\/p>\r\n\r\n\r\n\r\n<p>It stars Emma Saura Woods, Franco Esteve&#8217;s real life wife and producing partner, with Nuria Garc\u00eda and Franco Esteve playing cameo roles of creatures. More experimental than the rest of the series, yet defining the essence of <strong><em>The Doll Chronicles<\/em><\/strong>, Paranoia projects the art piece that <a href=\"https:\/\/francoesteve.com\">Franco Esteve<\/a> meant to create fully, with a haunting soundtrack driving the experience.<\/p>\r\n\r\n\r\n\r\n<p>Watch the film and find out more <a href=\"https:\/\/thedollchronicles.com\/dsite\/the-films\/paranoia-the-doll-chronicles\/\">here<\/a>.<\/p>\r\n<p>&nbsp;<\/p>\r\n<p>&#8212;<br \/>Protect your privacy and support <strong><em>The Doll Chronicles<\/em><\/strong> and <a href=\"https:\/\/francoesteve.com\">Franco Esteve<\/a> by signing up for our favorite VPN service, NordVPN, using this link: <a href=\"https:\/\/goo.gl\/Vuqm5v\">https:\/\/goo.gl\/Vuqm5v<\/a> It\u2019s the one we all use and is the best in the world.<\/p>\r\n","protected":false},"excerpt":{"rendered":"<p>Apocalypse \u2022 Consequence \u2022 Paranoia &nbsp; There are technically four films in the series so far, though [&hellip;]<\/p>\n","protected":false},"author":1,"featured_media":0,"parent":0,"menu_order":0,"comment_status":"closed","ping_status":"closed","template":"","meta":{"advanced_seo_description":"","jetpack_seo_html_title":"","jetpack_seo_noindex":false,"footnotes":""},"class_list":["post-52","page","type-page","status-publish","hentry"],"jetpack_sharing_enabled":true,"jetpack_shortlink":"https:\/\/wp.me\/Pd9cpw-Q","_links":{"self":[{"href":"https:\/\/thedollchronicles.com\/dsite\/wp-json\/wp\/v2\/pages\/52","targetHints":{"allow":["GET"]}}],"collection":[{"href":"https:\/\/thedollchronicles.com\/dsite\/wp-json\/wp\/v2\/pages"}],"about":[{"href":"https:\/\/thedollchronicles.com\/dsite\/wp-json\/wp\/v2\/types\/page"}],"author":[{"embeddable":true,"href":"https:\/\/thedollchronicles.com\/dsite\/wp-json\/wp\/v2\/users\/1"}],"replies":[{"embeddable":true,"href":"https:\/\/thedollchronicles.com\/dsite\/wp-json\/wp\/v2\/comments?post=52"}],"version-history":[{"count":18,"href":"https:\/\/thedollchronicles.com\/dsite\/wp-json\/wp\/v2\/pages\/52\/revisions"}],"predecessor-version":[{"id":6865,"href":"https:\/\/thedollchronicles.com\/dsite\/wp-json\/wp\/v2\/pages\/52\/revisions\/6865"}],"wp:attachment":[{"href":"https:\/\/thedollchronicles.com\/dsite\/wp-json\/wp\/v2\/media?parent=52"}],"curies":[{"name":"wp","href":"https:\/\/api.w.org\/{rel}","templated":true}]}}